ue
Is 72 a factor of 846777096?
True
Is 66550456 a multiple of 14?
True
Does 6604 divide 934293820?
False
Is 455 a factor of 3025617140?
True
Does 9 divide 21702195?
True
Is 612143120 a multiple of 40?
True
Is 48 a factor of 33454935?
False
Is 139051509 a multiple of 390?
False
Is 347059 a multiple of 144?
False
Is 154016623 a multiple of 41?
True
Does 4 divide 56292768?
True
Is 27 a factor of 110751315?
False
Does 18 divide 10640052?
True
Does 25 divide 151090075?
True
Is 68608098 a multiple of 234?
True
Is 237 a factor of 10711776?
False
Is 9832400 a multiple of 4700?
True
Is 74231652 a multiple of 50?
False
Is 735832955 a multiple of 3?
False
Is 19577437 a multiple of 56?
False
Is 16951059 a multiple of 57?
True
Is 2228320136 a multiple of 872?
True
Is 494339476 a multiple of 3193?
False
Does 460 divide 164053940?
True
Does 58 divide 307422645?
False
Is 431540400 a multiple of 80?
True
Is 65994204 a multiple of 102?
True
Is 77 a factor of 294920472?
True
Does 171 divide 81546526?
False
Is 1101162 a multiple of 6?
True
Does 12 divide 47978439?
False
Does 1216 divide 944679212?
False
Is 8 a factor of 914681440?
True
Is 1953 a factor of 12653487?
True
Is 42745642 a multiple of 108?
False
Is 4 a factor of 6069910?
False
Is 38577528 a multiple of 2181?
True
Does 24 divide 330109006?
False
Is 1453 a factor of 1099758264?
True
Does 17 divide 137569270?
True
Is 115766187 a multiple of 21?
False
Is 230784507 a multiple of 1741?
False
Is 27431676 a multiple of 8028?
True
Is 592371546 a multiple of 3081?
True
Is 14 a factor of 17776925?
False
Does 20 divide 8195660?
True
Is 12 a factor of 266711211?
False
Is 784 a factor of 4388048?
True
Is 127765089 a multiple of 282?
False
Does 102 divide 4901520?
False
Is 1090 a factor of 32775171?
False
Is 8217 a factor of 4919936967?
True
Is 156 a factor of 20172657?
False
Is 1023 a factor of 1937577345?
True
Is 35 a factor of 682432030?
True
Is 813908164 a multiple of 38?
False
Does 36 divide 381907008?
True
Is 58169566 a multiple of 49?
True
Is 6 a factor of 2659836?
True
Does 185 divide 1651962579?
False
Is 28877434 a multiple of 766?
True
Is 2109 a factor of 1175080476?
False
Does 765 divide 713619540?
True
Is 4 a factor of 10912433?
False
Does 20 divide 16379940?
True
Is 20390129 a multiple of 52?
False
Is 2959313280 a multiple of 231?
True
Is 65 a factor of 17166351?
False
Does 2460 divide 22282680?
True
Does 126 divide 6569732106?
True
Is 108 a factor of 1923295204?
False
Does 7 divide 773399328?
False
Is 175758124 a multiple of 28?
False
Is 316825930 a multiple of 1061?
False
Is 76344271 a multiple of 136?
False
Does 33 divide 2441824482?
False
Is 2382679134 a multiple of 33?
True
Does 1013 divide 40211297?
False
Is 4800700 a multiple of 12?
False
Is 42187236 a multiple of 264?
False
Is 24685458 a multiple of 4?
False
Is 1747 a factor of 230259060?
False
Does 52 divide 2610173384?
True
Does 346 divide 85687540?
False
Is 35 a factor of 164030220?
False
Does 26 divide 8215974?
True
Is 1095 a factor of 1926908?
False
Is 22097538 a multiple of 251?
True
Is 97568855 a multiple of 75?
False
Is 4376329089 a multiple of 157?
False
Is 17 a factor of 79731428?
True
Does 27 divide 11792088?
True
Does 3202 divide 1897303474?
True
Is 737537936 a multiple of 16?
True
Is 553 a factor of 1286918559?
False
Does 25 divide 63333775?
True
Does 13 divide 401537108?
False
Is 3129875 a multiple of 5?
True
Is 130 a factor of 15360465?
False
Does 3 divide 9719652?
True
Is 31 a factor of 1078185944?
False
Does 2161 divide 52088744?
True
Does 156 divide 625806503?
False
Is 1292 a factor of 1217101468?
True
Is 161703620 a multiple of 260?
True
Is 932893712 a multiple of 11?
False
Is 9414 a factor of 1258179357?
False
Does 1129 divide 326100704?
False
Is 36521136 a multiple of 859?
False
Is 47074214 a multiple of 1041?
False
Is 15733073 a multiple of 20?
False
Is 1674209105 a multiple of 746?
False
Is 239 a factor of 1745812545?
True
Is 1792 a factor of 541386436?
False
Does 6099 divide 85044456?
True
Is 736 a factor of 2303486202?
False
Is 972792964 a multiple of 286?
True
Does 72 divide 17785353?
False
Is 242798565 a multiple of 11?
False
Is 221 a factor of 29493187?
False
Is 2797219327 a multiple of 21?
False
Is 3477976 a multiple of 488?
True
Does 188 divide 131111952?
True
Is 7 a factor of 48636660?
False
Is 33677694 a multiple of 259?
False
Does 1400 divide 560956374?
False
Does 395 divide 47373237?
False
Is 468456005 a multiple of 17?
False
Does 46 divide 1288892?
False
Is 5731 a factor of 355952410?
True
Is 441289315 a multiple of 2502?
False
Is 823872056 a multiple of 14?
True
Is 9 a factor of 102029814?
True
Is 76 a factor of 179763371?
False
Is 10 a factor of 133286627?
False
Is 338623354 a multiple of 1297?
True
Is 198088182 a multiple of 56?
False
Is 8433932 a multiple of 4?
True
Does 21 divide 68454335?
False
Is 1298 a factor of 105742868?
True
Is 6888933 a multiple of 9?
True
Does 7 divide 40855108?
True
Is 55 a factor of 56780751?
False
Is 595 a factor of 884533545?
True
Is 2761 a factor of 12024155?
True
Is 22 a factor of 687027682?
True
Is 161800865 a multiple of 11?
False
Is 5653 a factor of 106242482?
True
Is 1154 a factor of 107772272?
False
Does 42 divide 188894528?
False
Is 3480646 a multiple of 293?
False
Is 67530043 a multiple of 413?
True
Is 54 a factor of 90792306?
True
Does 75 divide 5092608?
False
Is 1941 a factor of 30246603?
True
Does 87 divide 2144391773?
False
Is 133951961 a multiple of 871?
True
Does 1867 divide 730502957?
True
Is 11 a factor of 19810483?
True
Is 59 a factor of 419871730?
True
Is 134 a factor of 416882232?
False
Is 10007080 a multiple of 1010?
True
Is 3270 a factor of 55285890?
True
Does 1183 divide 274582581?
True
Is 65 a factor of 41983695?
True
Does 10 divide 63428830?
True
Is 526 a factor of 1283147521?
False
Is 246134295 a multiple of 495?
True
Is 27 a factor of 18717048?
True
Is 17 a factor of 347132860?
True
Is 103001413 a multiple of 141?
False
Is 1017343040 a multiple of 5530?
True
Does 446 divide 82373078?
True
Is 2 a factor of 15558560?
True
Does 12 divide 771215257?
False
Is 1993 a factor of 189889054?
True
Is 25383494 a multiple of 8?
False
Is 24741618 a multiple of 66?
True
Does 1601 divide 24695608?
False
Is 48166440 a multiple of 2040?
True
Does 2899 divide 96438134?
True
Is 3265 a factor of 38227565?
False
Does 352 divide 9461325?
False
Does 6 divide 46693398?
True
Is 220966633 a multiple of 7680?
False
Is 31391255 a multiple of 7?
True
Is 4607 a factor of 2111904084?
True
Does 62 divide 24756296?
False
Is 87 a factor of 58430505?
True
Is 8 a factor of 5493428?
False
Is 1529018931 a multiple of 11?
True
Is 36 a factor of 689170866?
False
Does 12 divide 148892331?
False
Does 157 divide 29076557?
True
Is 136137894 even?
True
Does 2 divide 10559151?
False
Does 481 divide 381658108?
True
Is 2848 a factor of 241831572?
False
Does 48 divide 644126688?
True
Does 354 divide 240391842?
True
Is 1425 a factor of 4108918470?
False
Is 47085350 a multiple of 2782?
True
Is 11 a factor of 202470796?
True
Does 32 divide 129549236?
False
Is 36315808 a multiple of 277?
True
Does 40 divide 2499264698?
False
Does 18 divide 150835532?
False
Is 3673839028 a multiple of 353?
True
Is 45587150 a multiple of 23?
True
Is 2064 a factor of 742521936?
True
Does 5353 divide 374281760?
True
Does 354 divide 4079850?
True
Is 17971605 a multiple of 164?
False
Is 134 a factor of 122719344?
True
Does 20 divide 165252278?
False
Does 6 divide 134382604?
False
Is 1562 a factor of 270801702?
False
Is 1065110329 a multiple of 404?
False
Is 64 a factor of 279130048?
True
Does 7 divide 17799807?
False
Is 562 a factor of 67584348?
False
Is 352 a factor of 892672?
True
Does 64 divide 750080?
True
Is 249559299 a multiple of 729?
True
Is 21 a factor of 21274869?
True
Does 169 divide 240461703?
False
Does 233 divide 33062234?
True
Does 200 divide 291081480?
False
Is 77 a factor of 2389557016?
True
Is 9 a factor of 168779709?
True
Is 1344891 a multiple of 12?
False
Does 24 divide 15022368?
True
Does 7 divide 102012659?
True
Is 13626500 a multiple of 100?
True
Is 60 a factor of 246553440?
True
Does 19 divide 40221521?
False
Is 994979968 a multiple of 31?
True
Does 4859 divide 730429886?
False
Does 28 divide 30576